3 - 4*o**2 + o + o - 2*o**2 + 10*o**2. Determine d(-4).
-8
Let u(c) be the first derivative of -c + 4*c - 6*c - c**2 + 5*c + 4. Suppose t + 8 = -3*t. Determine u(t).
6
Suppose 4*g = 4*p - 56, p - 4*p - 2*g + 57 = 0. Suppose -4*w = -3 - p. Let x(s) = s**3 - 4*s**2 - 4*s - 5. Give x(w).
0
Let h(t) = -t**2 + 18*t - 10*t - 21 + 12. Give h(6).
3
Suppose -5*t + 32 = -3*s, -36 = -4*t + s + 4*s. Let q(f) = f - 7. Calculate q(t).
-3
Suppose -b - 4*d + 3 - 2 = 0, 5*d = -5*b - 25. Let k(p) = p**3 + 8*p**2 + 7*p + 3. Give k(b).
3
Let f(r) = r**2 - r + 1. Suppose q - 12 = -3*l, 5*q - 13 = -3*l + 11. Calculate f(l).
7
Suppose 3*s - 5 = g, 0 = -3*g + s + 10 - 1. Suppose -5*f + 21 = 3*o - g*o, 4 = f. Let n(y) = 10*y - 1. Determine n(o).
-11
Let n(l) = -l**3 + l**2 + 9. Let q be n(0). Let p = -6 + q. Let v be -3 - (0 + (-5 - p)). Let m(r) = -r + 2. Give m(v).
-3
Let a be (-3)/6*-6*(-35)/(-21). Let o(u) = 4*u**2 - u - 8. Let y(b) = 7*b**2 - 3*b - 15. Let z(j) = -5*o(j) + 3*y(j). Give z(a).
0
Let f be (3 + -5)*3 + 3. Let g = f - -6. Let u(j) = 3*j**2 - 3 + 3*j**2 - j**3 - 3*j**2. Calculate u(g).
-3
Let l(z) be the first derivative of z**2 + 2*z + 4. Let s = -15 - -22. Let b = -10 + s. What is l(b)?
-4
Let s(w) = 6*w**2 + 9*w**2 - w + 2*w**2 - 13*w**2. Determine s(1).
3
Let x = -6 - -8. Suppose 0 = -x*v - 2*v. Let p(g) be the first derivative of -g**2/2 + 6*g - 1. What is p(v)?
6
Let y(d) = 3*d - 2. Suppose 11 = -2*t - 5*j, -2*t = -t + j - 2. Let u be 2*-1 + (t - 3). Calculate y(u).
4
Let t = 9 + -5. Let o(y) = -t - 2*y + 2 + y. Determine o(0).
-2
Let h(y) be the third derivative of -y**8/6720 + y**6/720 + y**5/60 - y**2. Let d(x) be the third derivative of h(x). Suppose 3*v = -0 + 6. Give d(v).
-11
Let j(k) = -2*k**2 + 2*k + 3. Suppose x + u = 3, -2*u = -3*x + 7*x - 12. Suppose 5*i + 2*v = 21, 2*v = i - 0*i + x. Determine j(i).
-9
Let v(o) = o**2 - 10*o + 7. Let h be v(9). Let n = h - 4. Let t = n + 3. Let p(g) = -g**3 - 3*g**2 - g. What is p(t)?
3
Let f(r) = -r**3 - 3*r**2 + 3*r - 2. Let j = 120 - 62. Let h be j/18 + 8/(-36). Suppose p - h*g = 5, -g + 9 = -3*p - 0*g. Give f(p).
2
Let n(j) = 2*j - 1. Let i = -1 + -4. Let c(u) = -4*u + 2. Let x(y) = i*n(y) - 3*c(y). Calculate x(1).
1
Let d = -2 - -4. Let i(n) = 4*n - 2. Let b(y) = -4*y + 2. Let l(j) = 2*b(j) + 3*i(j). Calculate l(d).
6
Let y(l) = -l**3 + 5*l**2 + 8*l - 9. Let s(k) = -7*k**3 + 0*k**2 + k**2 + 1 - 3*k**2. Let n be s(-1). Calculate y(n).
3
Suppose m + 3*m = -4. Let c(i) = -5*i**3 + i + 1. Give c(m).
5
Suppose 0 = -3*n - 2*n + 125. Suppose n = 4*x - 0*s - s, 28 = 5*x + 2*s. Suppose -3*l + l = -x. Let j(k) = k**3 - 3*k**2 + k - 4. Determine j(l).
-1
Suppose 2*w = -w. Suppose 2*z + 0 - 4 = w. Let i(b) = 2*b - 1. What is i(z)?
3
Let s be 23 + -5 + 3 + 3. Let p be (s/60)/((-1)/10). Let g(j) = -j**3 - 2*j**2 + 3*j - 5. What is g(p)?
15
Let t = 19 + -5. Suppose 0 = -x - x + t. Suppose -x + 17 = -2*s + 4*o, -2*o - 10 = 4*s. Let y(k) = -k**3 - 2*k**2 + 2*k + 4. Give y(s).
7
Let p be -2 - (-2 + (-2)/2). Let r(u) = -2*u**2 + 4*u**2 - 3*u**2 + 2*u. What is r(p)?
1
Let r = -15 - -18. Let a(j) = 3*j - 1 + 14*j**2 - 11*j**2 + 5 + j**r. What is a(-3)?
-5
Let s(n) = -9*n**2 - 7 - 9*n - n**3 - 1 - 1. Let h(p) = 4*p + 36. Let v be h(-11). Let d be s(v). Let l(q) = q**2 + q. Calculate l(d).
0
Let b be ((-18)/(-4))/((-9)/12). Let c(o) = -o**2 - 5*o + 4. Let h be c(b). Let d(t) be the first derivative of t**3/3 - t**2/2 - 2. Determine d(h).
6
Suppose 0 = -x - 1 + 3. Suppose 0 = v + c - 1, 0*c - 2 = -x*c. Let g(l) = 16 - 22 + 0*l - l. Determine g(v).
-6
Suppose 0*v - 3*v + 9 = 0. Suppose -v*z + 5 = 17. Let c(y) be the third derivative of y**5/60 + y**4/4 + 5*y**3/6 + y**2. Calculate c(z).
-3
Let j = -1 + 3. Let f(p) = -p - 4*p**j - 1 + 6 - 3 - p**3. Calculate f(-4).
6
Let i(a) be the third derivative of -1/12*a**4 + 0*a + 1/6*a**3 + a**2 + 1/60*a**5 + 0. Suppose 34 - 10 = 8*v. Calculate i(v).
4
Let m(b) = -b**3 + 2*b**2 + 2*b - 2. Suppose -2*i = -2*g + 3*g - 6, g = i. Determine m(g).
2
Let b(v) = 7*v**2 - v. Let k = 12 + -11. Suppose 0 = -4*z + 3*f - 3, 4 = -z + 3*f + 1. Let x = k + z. Determine b(x).
6
Let u(r) be the second derivative of -5/2*r**2 + 0 + 1/2*r**4 + 7*r - 5/6*r**3 - 1/20*r**5. Determine u(5).
-5
Suppose 4*r = -r + 20. Let d(s) = -s - 1. Give d(r).
-5
Let d be (-3 - -1) + (-1 - -1). Let h(u) = 3*u + 1. Calculate h(d).
-5
Let s(l) be the third derivative of -l**6/120 + l**5/15 + 5*l**4/24 - 5*l**3/6 - 5*l**2. Let t = 10 + -5. Determine s(t).
-5
Let p(f) = f + 1. Let v(h) = -1. Let q(j) = p(j) + 2*v(j). What is q(5)?
4
Let r(k) = 7*k**2 - 2*k + 1. Let v be (9/(-6))/((-3)/8). Suppose 2 = -2*i + v. Give r(i).
6
Let n(d) = 5*d. Let z(k) be the second derivative of -k**3/6 + k**2/2 - 2*k. Let u(c) = -n(c) - 4*z(c). What is u(-5)?
1
Let a(o) be the third derivative of -o**4/12 + o**3/2 - 11*o**2. Suppose 2*i = -3*i + 10. Give a(i).
-1
Suppose -3*i - 2*c - 2*c + 17 = 0, -i + 4*c = 5. Let q(j) = -j**2 + 3 - 1 + 1 + j + j. Calculate q(i).
0
Let k(i) be the third derivative of -1/3*i**3 + 1/8*i**4 - i**2 + 1/30*i**5 + 0 + 0*i. Give k(-3).
7
Let v(z) = -z + 12. Let q be v(10). Suppose 5*a + q = 7. Let t(u) = 4*u**2 - 2*u + 1. Determine t(a).
3
Let j(n) = 3*n**2 + n. Suppose 5*u = -0*y - 4*y + 4, -4*y = u - 4. Suppose 3 = -2*b - y. What is j(b)?
10
Let k(c) = c - 4. Let v be k(10). Suppose -3*j = -v*j + 6. Let m(a) = 4*a + 4 + 1 + 10*a**2 - 9*a**j - 1. What is m(-3)?
1
Let r(a) = 3*a. Let l be r(-1). Let u(c) = c - 2. Let t(x) = 1. Let m(k) = l*t(k) + u(k). Let y = -15 - -21. What is m(y)?
1
Let z(l) = -l - 1. Let s(q) = 2*q + 10. Let h be s(-5). Let j = -4 - h. What is z(j)?
3
Let a(d) = 3 - 2*d + 1 - 7. Determine a(3).
-9
Let k(x) = 0*x**2 - 2*x**2 + 4*x**2 - x**3 - 1 + 3*x. Give k(2).
5
Let m(k) = k**3 - 5*k**2 + 3*k - 3. Let h(z) = -z. Let i be h(6). Let o be 23/3 + (-2)/i. Suppose -o = -s - s. Give m(s).
-7
Let d(i) be the second derivative of i**4/2 + i**3/6 + i**2/2 + 6*i. Give d(-1).
6
Let u(t) = -4*t - 40 + t**3 + 4*t**2 - 4*t + 42 + 3*t. Let i be (-10)/(-6)*(3 - 6). Calculate u(i).
2
Let s be 2/(-5) - 81/(-15). Let h be (4/5)/(1/s). Let a(i) = -2*i - 7*i + 3 + i**2 + 3*i + 3*i. Calculate a(h).
7
Suppose -2*s = -8, -s = h - 3*s + 12. Let q(v) be the third derivative of 1/120*v**6 + 1/12*v**5 + 0 + 0*v - 1/3*v**3 + 1/6*v**4 + 2*v**2. Determine q(h).
-2
Let b(v) be the first derivative of v**3/3 + 3*v**2 + 2*v - 22. Give b(-5).
-3
Let v(n) be the third derivative of -n**6/120 - n**5/15 - n**4/12 - 2*n**3/3 + 21*n**2. What is v(-4)?
4
Let h(s) = -7*s - 3. Let i(y) = 4*y + 2. Let l(q) = 3*h(q) + 5*i(q). Suppose -2*p + 25 = -7*p. What is l(p)?
6
Let q(j) = 2*j**2 - j - 7. Suppose 47 - 443 = -4*m. Let r be m/(-18) - 1/(-2). Let t(i) = 3*i**2 - i - 10. Let o(w) = r*t(w) + 7*q(w). Give o(-3).
-2
Let v be -2 + ((-1)/1)/(-1). Let a(c) be the third derivative of -c**5/15 + c**3/6 + 2*c**2. Calculate a(v).
-3
Let v(u) = -1 - 5 - 74*u + 75*u. Let n be 6/(2*(-1)/(-2)). Calculate v(n).
0
Let i(g) = -g. Let j(p) = -3*p - 7. Let z(y) = 2*i(y) - j(y). Determine z(-3).
4
Suppose 2 = -a + 8. Let g be -58*3/a + 2. Let d be (-6)/g - 20/9. Let f(y) = y**3 - y**2 - 2*y + 1. Give f(d).
-7
Suppose -3*b + 23 = -4. Let f be ((-12)/b)/(2/(-3)). Let t(o) = o**3 + 3*o + o**2 + 2 - 2*o + 3*o**f. Determine t(-4).
-2
Let t = 3 + 1. Suppose -t*u + 2*u = 4. Let b(s) = -s**2 - 2*s. What is b(u)?
0
Let h(c) = 8*c - 1. Let n be h(-2). Let o be (-2 - n)*1/3. Let j(g) = -8*g - 6*g + 5 + 13*g. What is j(o)?
0
Let g be 4/(-14) - (-192)/84. Let o(i) = i + 1 - 6*i**2 + 3*i**2 - i. What is o(g)?
-11
Suppose 0*q = q - 12. Let f = -17 + q. Let d(t) = t**3 + 6*t**2 + 6*t + 7. What is d(f)?
2
Suppose 2*n - 3*n = 1. Let b(i) be the third derivative of i**7/1260 + i**6/720 + i**5/60 + 3*i**2. Let g(l) be the third derivative of b(l). Give g(n).
-3
Let i(t) = -4*t + 5. Let n(h) = 3*h - 5. Let b(z) = -5*i(z) - 6*n(z). Let s(f) = -f**3 - 16*f**2 - f - 11. Let d be s(-16). Determine b(d).
15
Suppose -2 = -3*x + 2*x. Let j(t) = -4 + 0*t**2 + 4*t + t**x + 0*t. Let l be j(-4). Let c(p) = 2*p + 2. Give c(l).
-6
Let q = 2 - -6. Let h(z) = -6*z - 6. Let b(d) = -9*d - 9. Let o(a) = q*h(a) - 5*b(a). Give o(-4).
9
Let x(j) be the third derivative of -j**6/120 - j**5/60